(-27)/(-81). Suppose -n*d + l*d = 9. What is the units digit of d?
3
Let m(p) = p**3 - 8*p**2 + 8*p - 86. What is the tens digit of m(11)?
6
Suppose -4*f + 1561 + 393 = 5*s, -f + 3*s = -497. What is the units digit of f?
1
Suppose -770*l + 8525 = -765*l. What is the thousands digit of l?
1
Let p(t) = 3*t**2 - 22*t - 16. Let q(o) = o**2 + 4 - 2*o**2 + 7*o + 1. Let w(y) = -4*p(y) - 11*q(y). What is the units digit of w(10)?
9
Let n(d) = d**2 + 3*d + 1. Let s be n(-4). Suppose -3*k = s*m - 8*k - 140, -4*k - 4 = 0. Let g = m - -2. What is the units digit of g?
9
Let b = -2317 - -3836. What is the thousands digit of b?
1
Suppose 0*a - 5*i - 313 = a, 3*a + 1004 = -2*i. Let b = a - -480. What is the tens digit of b?
4
Let l = 3950 + -2005. What is the hundreds digit of l?
9
Let p = 917 + -249. What is the units digit of p?
8
Let y = -426 - -2711. What is the units digit of y?
5
Suppose -c + 5*s = -548, -79 + 1147 = 2*c + 4*s. What is the units digit of c?
8
Let p(y) = -y - 4. Let c be p(-8). Suppose c*f + 1339 = 5*o, 3*f = 5*o - 3*o - 537. What is the tens digit of o?
6
Let y(s) = -127*s - 9. What is the tens digit of y(-4)?
9
Suppose 4*k - 5675 = 14877. What is the units digit of k?
8
Suppose 0 = 12*h - 817 - 18791. What is the tens digit of h?
3
Let f = 89 - 71. Suppose -f = -4*a + 310. What is the units digit of a?
2
Let y = -13 + 13. Let o be y/(4/((-12)/(-3))). Suppose -2*t + 14 = -o. What is the units digit of t?
7
Let w(m) = 2*m + 232. What is the units digit of w(-27)?
8
Suppose 8 = 4*r - 2*b, -5*r + 17 = -0*b + b. Let t(z) = z**2 - 5*z + 7. Let g be t(5). Suppose r*h - l = 27, -5*h + l = -38 - g. What is the units digit of h?
9
Suppose 21 = 5*s + 3*r, 3*r = -s + 2*r + 3. Let m = s + 6. What is the units digit of m?
2
Let d(k) = 5*k - 3. Let t = 4 - 2. Suppose 0 = t*a - a - 5. What is the tens digit of d(a)?
2
Let j = -71 + 102. Let f = j + -25. What is the units digit of (4/f)/((-4)/(-54))?
9
Let m(h) = -h**3 + 10*h**2 - 5. Let b be m(10). Let d(j) = j**2 - 11*j - 7. What is the units digit of d(b)?
3
Let u(b) = -b - 5. Let c be u(-6). What is the tens digit of 48 + 7 + (-3 - c)?
5
Let w be 0*(-2 - (1 + -2)). Let i = 60 - w. What is the units digit of i?
0
Let j = 5 + -2. Let l = -34 + 36. Suppose -4*k + 150 = l*p - 30, -p - 125 = -j*k. What is the tens digit of k?
4
Suppose -5200 - 230 = -6*g. What is the tens digit of g?
0
Let t(i) be the second derivative of 33*i**3/2 + 13*i**2/2 + 9*i. Let m(f) = -50*f - 6. Let a(n) = 7*m(n) + 3*t(n). What is the tens digit of a(-1)?
5
Let b(z) = z**3 - 17*z**2 + 16*z - 9. Let r be b(16). Let u(c) = c**3 + 12*c**2 + 11*c + 26. What is the tens digit of u(r)?
7
Let m be (-221 + 1)/((2 - 6) + 3). Suppose 0 = -j - 4*c + m, -5*j + 4*c = -c - 1200. What is the hundreds digit of j?
2
Let d(x) = x**3 - 2*x**2 + 3*x + 143. Let o be 16/(-28) - 8/(-14). What is the tens digit of d(o)?
4
Let n be (1 - 2)*178*-2. Let w = 564 - n. What is the units digit of w?
8
Let y(x) = -13*x + 6 + 2*x**2 + x**3 + x**3 + 12*x - 4. Let b be y(-2). What is the units digit of 3 + 22 + (-1 - b)?
8
Suppose 4*l - 1215 + 11 = 0. Let d = l + -181. What is the tens digit of d?
2
Suppose 4*u - 48 = 7*u. Let z(o) = -o - 2. What is the tens digit of z(u)?
1
Let u(q) = -2*q**2 - 7*q - 7. Let n be u(-4). Let x = -16 - n. Let k = x + 10. What is the units digit of k?
5
Let q(z) = -17*z**3 + 20*z**2 + 107*z + 9. What is the thousands digit of q(-7)?
6
Let i be 2*(2/(-1))/2. Let d be 28 + -2 - (i + -1). Suppose -5*o + d = -31. What is the tens digit of o?
1
Suppose -b - 2*i = 10, 5*b - b - 2*i = 10. Suppose b = -12*h + 9*h. Suppose 4*o = -5*z + 57, -o - 4*z + 4 + 2 = h. What is the tens digit of o?
1
Let w(l) = 144*l**2 + 35*l + 9. What is the units digit of w(-4)?
3
Suppose 6*n + 3 = 5*n. Let m = n + 7. Suppose 3*c - 3*q = 12, m*q - 1 = 2*c - 3. What is the units digit of c?
7
Let c(r) = -2 - 24*r - 3 + 1. Let t(g) = g**3 - 20*g**2 - 19*g - 44. Let x be t(21). What is the units digit of c(x)?
4
Let h = 19 + -3. Let x be h/(-3) + (-4)/6. What is the tens digit of x/4 - 162/(-4)?
3
Let l(j) = j**2 - 1. Let p be l(1). Suppose -4*r + 9*r = p. Suppose r = -5*q + 4*o + 208, o + 122 = -q + 4*q. What is the tens digit of q?
4
Let m(o) = o**2 - 9*o - 7. Let q be m(10). Suppose 0 = p + t + 4*t - 103, 3*t = -q*p + 273. What is the units digit of p?
8
Let f(j) = -15*j - 1. Let q be (-2)/13 + (-324)/(-78). Let u(b) = 8*b + 1. Let v(h) = q*f(h) + 7*u(h). What is the units digit of v(-6)?
7
Suppose 2*h + 32 = -2*h. Let i be (20/h)/((-2)/4). Let l = i + -3. What is the units digit of l?
2
Let i(z) = -z**2 + 30*z + 10. What is the hundreds digit of i(19)?
2
Suppose 0 = -w - 0*w + 2*i - 12, -3*w - 9 = 3*i. Let q = -3 - w. Suppose -q*r + 12 = -l + 60, -4*r = -l + 53. What is the units digit of l?
3
Let y be (-2)/(2/11)*1. Let n(g) = g**2 + 10*g + 8. Let w be n(-7). Let u = y - w. What is the units digit of u?
2
Let n(r) = r**2 + 4*r + 5. Let g(c) = 5*c**2 + c + 1. Let x be g(-1). Suppose -5*f + 5*u = -15, -u + x*u = -f - 22. What is the units digit of n(f)?
1
Let f(r) = 30*r**3 + 2*r**2 - r - 2. Let h be f(2). Suppose -7*n + 3*n = -h. What is the tens digit of n?
6
Suppose 0 = -3*f - a + 3 - 6, f + a + 3 = 0. Suppose f = 7*j - 11*j + 20. Suppose 11 + j = 4*b. What is the units digit of b?
4
Suppose 5*o = -t + 9, 2*o = 3*t - 7*t. Suppose 3*c + 5*a + 32 = 0, -4 = 3*c - 5*a + 18. What is the units digit of (-174)/c*3 - t?
9
Let r(o) = 1 + 182*o + 183*o - 367*o - 8. Let u = 25 - 39. What is the tens digit of r(u)?
2
Let q(l) = 20*l**2 + 1. Let o be q(1). Suppose -2*s + 5*k = -134, 2*k = s - o - 45. What is the units digit of (s/4)/(11/22)?
1
Let w = -156 - -107. Let x = w - -23. Let n = 48 + x. What is the units digit of n?
2
Suppose 0 = c - 3*l, -3*c + 5*c + l = 0. Suppose -4*x + c*x - 3*f + 173 = 0, 0 = -2*x + 4*f + 70. What is the tens digit of x?
4
Let d be 7/1 - (5 + -2). Suppose -4*v = -5*o - 450, 3*v = v - d*o + 212. What is the hundreds digit of v?
1
Let w(a) = -2*a**3 + 5*a**2 + 3*a - 6. Let c be w(4). Let i = 84 - c. Suppose 4*g = -42 + i. What is the tens digit of g?
2
What is the tens digit of (-99 + 102)*(-1 + 808/6)?
0
Suppose -3*g - 15 = 9. Let m = 8 + g. Suppose m = 3*i - 29 - 43. What is the units digit of i?
4
Suppose 3*c + x = 798, -2*c + 345 + 200 = 5*x. Suppose -4*l + 191 + c = 4*w, w = -4. What is the units digit of l?
8
Let u = -8 + 3. Let b(v) = -4*v**2 + 4*v. Let i(d) = 5*d**2 - 3*d + 1. Let g(k) = u*i(k) - 6*b(k). What is the units digit of g(-7)?
9
What is the hundreds digit of 1/1*(-5777)/(-53)?
1
Let w(v) = -57*v + 1. Let z be w(2). Let h = 206 + z. What is the units digit of h?
3
Let s(m) = m**3 + 6*m**2 - 4*m - 6. Let k(w) = 3*w + 22. Let c be k(-9). What is the tens digit of s(c)?
3
Let k be ((-810)/(-216))/((-1)/(-1744)*3). What is the hundreds digit of (-18)/12 - k/(-8)?
2
Let h be 4/6 + 315/(-27). Let t = h - -57. What is the tens digit of t?
4
Suppose -2*a = -5*k + 711 - 2220, 3*a - 2326 = -5*k. What is the units digit of a?
7
Let y(s) = 7*s**2 + 4*s + 7. What is the units digit of y(-3)?
8
Suppose 0 = -2*x - 0 - 2. Let l be 8 + (-1 - 0 - x). What is the units digit of l/6 + 2/3?
2
Suppose -9622 = -6*x - 28*x. What is the tens digit of x?
8
Let w be 4*(157 - (-5 + 4)). What is the tens digit of 6/(-9) + w/12?
5
Let h = -12 - -16. Suppose -h*n + 260 = -2*v, -v - 2*v - 201 = -3*n. What is the units digit of n?
3
Suppose 2*u + 4*f = 713 + 95, 2*f + 4 = 0. What is the tens digit of u?
0
Let k(g) = -3*g**3 + 6*g**2 + 12*g + 1. Let y be k(-5). Suppose 0 = 117*i - 115*i - y. What is the units digit of i?
3
Let g(h) = h**3 - 13*h**2 - 16*h + 31. Suppose -2*s + 4*s - o = 27, 0 = 3*s + 2*o - 44. What is the units digit of g(s)?
3
Suppose 3*w = 6*w - 27. Suppose w*u + 0*u = 333. What is the units digit of u?
7
Suppose 0 = -3*t + 3*u - 15, -t + 3*u = -u - 10. Let a(v) = v**3 + 7*v**2 + 6*v. Let k be a(-6). What is the units digit of (k + -2)/2 - t?
9
Let r = 10 - 6. Suppose 3*y - 5 + 26 = -3*u, -3*u + r = -2*y. What is the tens digit of u*(-4)/(-16)*-106?
5
Let k(i) = 2*i**3 + 4*i**2 + 4*i. Let f(w) = 8*w**3 + 15*w**2 + 15*w - 1. Let n(a) = 6*f(a) - 22*k(a). What is the tens digit of n(2)?
3
Let m(o) = -o + 42. Let z be m(10). Suppose a = -